et y(r) = -32*r**2 + 35*r + 183. Give y(3).
0
Let w(t) = -t**3 - 92*t**2 - 1219*t - 43. What is w(-16)?
5
Let w(b) = b - 44. Calculate w(25).
-19
Let i(o) = -16*o**2 + 218*o - 20. Determine i(15).
-350
Let w(z) = z**2 - 182*z + 2273. Determine w(13).
76
Let g(t) = 66*t - 463. Calculate g(7).
-1
Let k(h) = -h**2 - 3845*h - 152204. Calculate k(-40).
-4
Let q(u) = -u**3 - 31*u**2 - 109*u - 17. Determine q(-27).
10
Let z(b) = 12743*b + 2. Calculate z(0).
2
Let y(f) = -166*f**3 + 2*f**2 + 3*f - 5. Calculate y(1).
-166
Let w(v) = -v**2 + 107*v - 1147. What is w(14)?
155
Let a(b) = -b**2 - 64*b - 479. Determine a(-7).
-80
Let o(l) = -465*l + 465. Determine o(1).
0
Let v(p) = p**2 - 13*p + 6. What is v(11)?
-16
Let g(j) = j**3 - 62*j**2 + 119*j + 31. Determine g(60).
-29
Let s(j) = 150*j + 2390. Calculate s(-16).
-10
Let g(s) = -2*s**2 - 65*s + 39. Give g(-33).
6
Let q(b) = b**3 + 20*b**2 + 20*b + 109. What is q(-20)?
-291
Let v(l) = 6*l**2 + 91. Calculate v(0).
91
Let d(v) = -9713*v - 135976. Determine d(-14).
6
Let q(p) = -2*p**3 - 16*p**2 + 4*p + 26. Determine q(-8).
-6
Let u(g) = 2*g**3 + 184*g**2 - 367*g + 888. What is u(-94)?
42
Let f(u) = -25*u - 216. Give f(-5).
-91
Let y(k) = k**3 - 92*k**2 + 252*k + 400. Determine y(4).
0
Let g(i) = -i**2 + 21*i + 11. Calculate g(20).
31
Let k(z) = 53*z + 407. What is k(-5)?
142
Let h(s) = -s**3 - 102*s**2 - 1234*s - 127. Determine h(-88).
49
Let r(a) = a**2 - 11*a - 63. What is r(-12)?
213
Let z(c) = -3870*c - 7739. Give z(-2).
1
Let f(a) = -a**2 - 19*a + 2. Calculate f(-2).
36
Let s(b) = 43*b + 531. Determine s(-12).
15
Let u(b) = b**3 + 27*b**2 + 170*b + 31. Calculate u(-9).
-41
Let r(j) = 18*j**2 + 91*j - 15. Determine r(-7).
230
Let n(h) = -h**2 - 42*h - 364. Give n(-35).
-119
Let a(n) = -n**3 - 58*n**2 - 63*n + 2789. Calculate a(-56).
45
Let s(h) = -4*h**3 + 9*h**2 + 13*h + 4. Calculate s(4).
-56
Let v(z) = -z**3 - 11*z**2 + 205*z - 51. Determine v(10).
-101
Let x(a) = a**3 - 4*a**2 - 15*a - 11. Calculate x(8).
125
Let g(d) = -d**3 - 39*d**2 + 3*d + 157. Calculate g(-39).
40
Let n(h) = -150*h - 285. Determine n(-2).
15
Let w(y) = -43*y**2 - 4300*y - 33. What is w(-100)?
-33
Let s(p) = -2035*p - 2008. Calculate s(-1).
27
Let j(c) = -13*c**2 + 400*c - 1199. Give j(3).
-116
Let g(p) = 103*p**2 + 2062*p + 37. Give g(-20).
-3
Let x(w) = -w**3 - 5*w**2 + 48*w + 15. Calculate x(5).
5
Let o(t) = 71*t + 5044. What is o(-71)?
3
Let y(l) = 10*l + 945. Calculate y(-80).
145
Let f(k) = 21*k**2 - 229*k - 1670. Give f(-5).
0
Let y(k) = k**3 + 23*k + 104. Calculate y(0).
104
Let i(w) = -4*w**3 - 22*w**2 - 6*w - 2. Calculate i(-4).
-74
Let w(m) = m**3 + 16*m**2 + 32*m + 60. Calculate w(-14).
4
Let g(l) = -l**3 + 66*l**2 + 329*l + 1861. Give g(71).
15
Let i(z) = z**3 - 24*z**2 - 12*z + 804. Calculate i(23).
-1
Let y(x) = 45*x**2 - 63*x - 125. Determine y(-2).
181
Let n(l) = 2*l**3 + 48*l**2 - 56*l - 288. What is n(-25)?
-138
Let f(h) = -h**2 - 45*h - 385. Give f(-27).
101
Let o(v) = -2601*v + 46832. Calculate o(18).
14
Let u(n) = n**2 - 11*n - 16. What is u(12)?
-4
Let o(p) = -382*p + 9960. What is o(26)?
28
Let a(t) = t**2 + 23*t - 8. Give a(-26).
70
Let m(z) = 2*z**3 + 99*z**2 + 405*z - 15. Give m(-45).
-15
Let u(j) = j**3 + 53*j**2 + 50*j - 88. Give u(-52).
16
Let j(p) = -3*p**2 - 245*p - 46. Determine j(-79).
586
Let x(k) = -12*k**2 + 718*k + 107. Give x(60).
-13
Let h(x) = 7*x**2 + 47*x + 143. Give h(-3).
65
Let m(w) = -w**3 + 17*w**2 - 4*w + 804. What is m(19)?
6
Let n(g) = -g**3 - 5*g**2 - 4*g - 246. Give n(0).
-246
Let y(q) = 45*q**3 + 316*q**2 + 44*q + 267. Calculate y(-7).
8
Let i(s) = s**3 - 22*s**2 + 19*s - 27. Calculate i(21).
-69
Let d(i) = 2*i**3 - 21*i**2 + 25*i - 14. Calculate d(11).
382
Let w(i) = -101*i - 267. Calculate w(-5).
238
Let w(b) = -154*b - 2325. Give w(-14).
-169
Let l(i) = 3*i**3 - 10*i**2 + 114*i - 717. Give l(7).
620
Let q(t) = -t**2 - 36*t - 230. Calculate q(-8).
-6
Let z(m) = 5*m**2 + 3*m - 187. Give z(6).
11
Let n(x) = 181*x - 1811. Give n(10).
-1
Let f(c) = 284*c + 1433. What is f(-5)?
13
Let s(a) = -4*a**3 + 3*a**2 + 9*a + 7. Calculate s(4).
-165
Let t(q) = -63*q + 722. What is t(11)?
29
Let l(p) = p**3 - 12*p**2 - 23*p + 223. Determine l(7).
-183
Let b(c) = -2*c**2 + 74*c - 675. What is b(22)?
-15
Let i(b) = -b**3 + 182*b**2 - 11*b + 2005. What is i(182)?
3
Let j(g) = -8574*g - 154330. Determine j(-18).
2
Let v(k) = 468*k - 5166. Calculate v(11).
-18
Let x(y) = -25*y**2 - 1549*y + 42. Give x(-62).
-20
Let v(h) = -h**3 - 38*h**2 - 67*h - 63. Give v(-36).
-243
Let u(p) = -3*p**3 - 9*p**2 - 10*p - 32. Determine u(-3).
-2
Let l(h) = 10*h**2 + 775*h + 415. What is l(-77)?
30
Let o(w) = -2*w**3 - 104*w**2 + 109*w + 64. Give o(-53).
-95
Let r(l) = -30*l**2 + 68*l + 70. Determine r(3).
4
Let o(j) = -15*j + 124. Determine o(8).
4
Let c(v) = -10*v - 161. What is c(-17)?
9
Let d(m) = -8*m**3 + 3*m**2 + 18*m - 21. Calculate d(1).
-8
Let a(m) = -m**2 + 100*m - 2217. Calculate a(33).
-6
Let a(c) = -82*c + 43. Calculate a(0).
43
Let t(x) = x**2 - 18*x + 36. Determine t(-8).
244
Let v(q) = 81*q - 640. What is v(8)?
8
Let m(g) = -g**3 - 10*g**2 + 22*g + 172. Calculate m(-10).
-48
Let z(p) = 37*p + 363. Determine z(-4).
215
Let u(c) = c**2 - 121*c - 1173. Calculate u(130).
-3
Let o(r) = -723*r + 94. What is o(0)?
94
Let l(k) = 527*k - 2629. What is l(5)?
6
Let i(c) = -2*c**2 + 122*c - 1877. What is i(32)?
-21
Let c(m) = -23*m - 144. Determine c(-7).
17
Let p(r) = -2*r**2 - 121*r + 33. Give p(-61).
-28
Let o(z) = -z**3 - 4*z**2 + 28*z + 115. Determine o(-5).
0
Let a(p) = p**2 - 30*p - 58. Give a(25).
-183
Let a(z) = -5*z**3 + 81*z**2 + 3*z - 311. Give a(16).
-7
Let o(i) = 40*i**2 + 69*i - 6. Give o(-2).
16
Let d(s) = -7*s + 36. Calculate d(3).
15
Let g(u) = -123*u**2 + 4*u + 3. Determine g(-1).
-124
Let r(i) = 2*i**2 - 119*i - 599. Determine r(-5).
46
Let d(a) = -a**2 - 65*a + 785. Calculate d(10).
35
Let d(q) = 6*q - 279. What is d(51)?
27
Let u(a) = 41*a + 482. Determine u(-10).
72
Let p(r) = -2*r**2 + 17*r + 289. Give p(16).
49
Let v(c) = -c**3 - 76*c**2 + 47*c - 2324. Calculate v(-77).
-14
Let k(j) = -71*j**3 + 921*j**2 + 23*j + 23. What is k(13)?
-16
Let p(q) = 1733*q - 15610. What is p(9)?
-13
Let o(s) = 147*s**3 - 6*s**2 + 9*s - 3. Calculate o(2).
1167
Let t(q) = -q**3 + 2*q**2 + 37*q + 1. Determine t(-5).
-9
Let u(q) = 2*q**3 - 12*q**2 - 20*q + 43. Give u(7).
1
Let y(x) = -x**3 - 17*x**2 - 25*x + 89. What is y(-15)?
14
Let l(h) = h**3 - 20*h**2 + 113*h - 114. What is l(9)?
12
Let l(y) = -23*y**2 - 2*y + 73. Calculate l(0).
73
Let l(y) = -24*y**3 + 17*y**2 + 25*y - 13. What is l(-2)?
197
Let d(m) = -2*m + 98. Determine d(18).
62
Let a(q) = 1207*q - 6041. What is a(5)?
-6
Let b(m) = -1146*m - 10268. Calculate b(-9).
46
Let p(s) = -3*s**3 - 2*s**2 + 7*s - 1. Give p(0).
-1
Let t(w) = w**3 + 16*w**2 - 261*w - 27. Calculate t(12).
873
Let w(u) = 66*u + 72. What is w(-2)?
-60
Let n(o) = -69*o - 3844. What is n(-56)?
20
Let h(n) = -n**3 - 24*n**2 + 27*n + 52. Give h(-25).
2
Let l(j) = 229*j + 1603. Determine l(-7).
0
Let n(c) = -c**3 - 20*c**2 + 63*c + 909. Give n(-21).
27
Let h(v) = v**2 + 21*v - 122. Give h(-27).
40
Let s(b) = -12*b**2 + 25*b + 15. What is s(2)?
17
Let r(t) = 9*t + 356. What is r(-24)?
140
Let s(r) = -20*r**3 + 19*r**2 - 37*r - 7. Calculate s(3).
-487
Let g(u) = 162*u - 2081. What is g(13)?
25
Let o(k) = -1048*k - 6425. Determine o(-6).
-137
Let f(a) = -3*a**3 - 22*a**2 - 58*a - 6. Determine f(-4).
66
Let v(b) = 2*b**2 - 193*b + 32. Give v(97).
129
Let w(y) = -1114*y + 5566. Determine w(5).
-4
Let s(q) = -q**2 - 26*q + 336. Give s(10).
-24
Let v(g) = -2705*g - 13525. Determine v(-5).
0
Let q(g) = -g**3 - 22*g**2 - 47*g - 36. Give q(-20).
104
Let u(f) = -71*f**3 + 12*f**2 - 12*f. Calculate u(1).
-71
Let f(t) = -t**2 - 22*t - 12. Determine f(-21).
9
Let z(a) = 2*a**3 + 278*a**2 + 159*a + 22096. Calculate z(-139).
-5
Let v(s) = 139*s - 17101. What is v(123)?
-4
Let b(m) = -81*m + 2321. What is b(31)?
-190
Let i(d) = -d**3 + 8*d**2 + 6*d + 55. Give i(9).
28
Let b(c) = -c**3 + 81*c**2 + 337*c + 229. Determine b(85).
-26
Let h(y) = -y**3 + 29*y**2 - y + 40. What is h(29)?
11
Let l(f) = 5*f**2 + 10*f - 34. Calculate l(-10).
366
Let o(j) = j**3 + 3*j**2 - j - 604. Calculate o(0).
-604